{"id":4250,"date":"2025-09-15T15:55:23","date_gmt":"2025-09-15T13:55:23","guid":{"rendered":"https:\/\/www.holzblaeser.com\/berlin\/?page_id=4250"},"modified":"2025-11-07T15:55:30","modified_gmt":"2025-11-07T14:55:30","slug":"blockfloete-aktion","status":"publish","type":"page","link":"https:\/\/www.holzblaeser.com\/berlin\/blockfloete-aktion\/","title":{"rendered":"Blockfl\u00f6ten-Aktion"},"content":{"rendered":"\t\t<div data-elementor-type=\"wp-page\" data-elementor-id=\"4250\" class=\"elementor elementor-4250\">\n\t\t\t\t<div class=\"elementor-element elementor-element-5645ccf e-flex e-con-boxed wpr-particle-no wpr-jarallax-no wpr-parallax-no wpr-sticky-section-no wpr-equal-height-no e-con e-parent\" data-id=\"5645ccf\" data-element_type=\"container\" data-e-type=\"container\">\n\t\t\t\t\t<div class=\"e-con-inner\">\n\t\t\t\t<div class=\"elementor-element elementor-element-1948590 elementor-widget elementor-widget-heading\" data-id=\"1948590\" data-element_type=\"widget\" data-e-type=\"widget\" data-widget_type=\"heading.default\">\n\t\t\t\t<div class=\"elementor-widget-container\">\n\t\t\t\t\t<h2 class=\"elementor-heading-title elementor-size-default\">Spare \u00fcber 10% auf deine Sopranblockfl\u00f6te<\/h2>\t\t\t\t<\/div>\n\t\t\t\t<\/div>\n\t\t\t\t\t<\/div>\n\t\t\t\t<\/div>\n\t\t<div class=\"elementor-element elementor-element-3cfd344 e-flex e-con-boxed wpr-particle-no wpr-jarallax-no wpr-parallax-no wpr-sticky-section-no wpr-equal-height-no e-con e-parent\" data-id=\"3cfd344\" data-element_type=\"container\" data-e-type=\"container\">\n\t\t\t\t\t<div class=\"e-con-inner\">\n\t\t\t\t<div class=\"elementor-element elementor-element-a015991 elementor-widget elementor-widget-text-editor\" data-id=\"a015991\" data-element_type=\"widget\" data-e-type=\"widget\" data-widget_type=\"text-editor.default\">\n\t\t\t\t<div class=\"elementor-widget-container\">\n\t\t\t\t\t\t\t\t\t<p style=\"text-align: center!important;\">Sichere dir jetzt eine der bew\u00e4hrtesten Sopranblockfl\u00f6ten f\u00fcr nur 8,50 Euro statt 9,50 Euro und spare \u00fcber 10%.<\/p><p style=\"text-align: center!important;\">Die wei\u00dfe Blockfl\u00f6te Yamaha YRS 23 ist aus Kunststoff und gibt es in deutscher und barocker Griffweise.<\/p><p style=\"text-align: center!important;\">Sie ist besonders beliebt, weil sie nicht eingespielt werden muss, zuverl\u00e4ssig sowie pflegeleicht, extrem robust und dadurch langlebig ist.<\/p>\t\t\t\t\t\t\t\t<\/div>\n\t\t\t\t<\/div>\n\t\t\t\t<div class=\"elementor-element elementor-element-0d8a567 elementor-widget elementor-widget-image\" data-id=\"0d8a567\" data-element_type=\"widget\" data-e-type=\"widget\" data-widget_type=\"image.default\">\n\t\t\t\t<div class=\"elementor-widget-container\">\n\t\t\t\t\t\t\t\t\t\t\t\t\t\t\t<img decoding=\"async\" src=\"https:\/\/www.holzblaeser.com\/berlin\/wp-content\/uploads\/elementor\/thumbs\/HBL-BF-Promo-rbue2v6qw1jp57zfxwovxp8420p6jgi70tuvk2l1hu.png\" title=\"HBL-BF Promo\" alt=\"HBL-BF Promo\" loading=\"lazy\" \/>\t\t\t\t\t\t\t\t\t\t\t\t\t\t\t<\/div>\n\t\t\t\t<\/div>\n\t\t\t\t<div class=\"elementor-element elementor-element-15d147a elementor-widget elementor-widget-text-editor\" data-id=\"15d147a\" data-element_type=\"widget\" data-e-type=\"widget\" data-widget_type=\"text-editor.default\">\n\t\t\t\t<div class=\"elementor-widget-container\">\n\t\t\t\t\t\t\t\t\t<h3 style=\"text-align: center!important;\">Komm einfach bei uns im Laden vorbei oder ruf uns an unter 030\/850 705 740.<\/h3><p style=\"text-align: center!important;\">Aktionszeitraum: bis 31. Dezember 2025.<br \/>Nur solange der Vorrat reicht.<\/p>\t\t\t\t\t\t\t\t<\/div>\n\t\t\t\t<\/div>\n\t\t\t\t\t<\/div>\n\t\t\t\t<\/div>\n\t\t\t\t<\/div>\n\t\t","protected":false},"excerpt":{"rendered":"<p>Spare \u00fcber 10% auf deine Sopranblockfl\u00f6te Sichere dir jetzt eine der bew\u00e4hrtesten Sopranblockfl\u00f6ten f\u00fcr nur 8,50 Euro statt 9,50 Euro und spare \u00fcber 10%. Die wei\u00dfe Blockfl\u00f6te Yamaha YRS 23&hellip;<\/p>\n","protected":false},"author":1,"featured_media":4254,"parent":0,"menu_order":0,"comment_status":"closed","ping_status":"closed","template":"","meta":{"footnotes":""},"class_list":["post-4250","page","type-page","status-publish","has-post-thumbnail","hentry"],"yoast_head":"<!-- This site is optimized with the Yoast SEO plugin v27.4 - https:\/\/yoast.com\/product\/yoast-seo-wordpress\/ -->\n<title>Blockfl\u00f6ten-Aktion - Die Holzbl\u00e4ser in Berlin<\/title>\n<meta name=\"description\" content=\"Blockfl\u00f6te Aktion bei Die Holzbl\u00e4ser in Berlin\" \/>\n<meta name=\"robots\" content=\"index, follow, max-snippet:-1, max-image-preview:large, max-video-preview:-1\" \/>\n<link rel=\"canonical\" href=\"https:\/\/www.holzblaeser.com\/berlin\/blockfloete-aktion\/\" \/>\n<meta property=\"og:locale\" content=\"de_DE\" \/>\n<meta property=\"og:type\" content=\"article\" \/>\n<meta property=\"og:title\" content=\"Blockfl\u00f6ten-Aktion - Die Holzbl\u00e4ser in Berlin\" \/>\n<meta property=\"og:description\" content=\"Blockfl\u00f6te Aktion bei Die Holzbl\u00e4ser in Berlin\" \/>\n<meta property=\"og:url\" content=\"https:\/\/www.holzblaeser.com\/berlin\/blockfloete-aktion\/\" \/>\n<meta property=\"og:site_name\" content=\"Die Holzbl\u00e4ser in Berlin\" \/>\n<meta property=\"article:publisher\" content=\"https:\/\/www.facebook.com\/p\/Die-Holzblser-Berlin-100057653342052\/\" \/>\n<meta property=\"article:modified_time\" content=\"2025-11-07T14:55:30+00:00\" \/>\n<meta property=\"og:image\" content=\"https:\/\/www.holzblaeser.com\/berlin\/wp-content\/uploads\/2025\/09\/blockfloete-fp.png\" \/>\n\t<meta property=\"og:image:width\" content=\"1024\" \/>\n\t<meta property=\"og:image:height\" content=\"1024\" \/>\n\t<meta property=\"og:image:type\" content=\"image\/png\" \/>\n<meta name=\"twitter:card\" content=\"summary_large_image\" \/>\n<meta name=\"twitter:label1\" content=\"Gesch\u00e4tzte Lesezeit\" \/>\n\t<meta name=\"twitter:data1\" content=\"1\u00a0Minute\" \/>\n<script type=\"application\/ld+json\" class=\"yoast-schema-graph\">{\"@context\":\"https:\\\/\\\/schema.org\",\"@graph\":[{\"@type\":\"WebPage\",\"@id\":\"https:\\\/\\\/www.holzblaeser.com\\\/berlin\\\/blockfloete-aktion\\\/\",\"url\":\"https:\\\/\\\/www.holzblaeser.com\\\/berlin\\\/blockfloete-aktion\\\/\",\"name\":\"Blockfl\u00f6ten-Aktion - Die Holzbl\u00e4ser in Berlin\",\"isPartOf\":{\"@id\":\"https:\\\/\\\/www.holzblaeser.com\\\/berlin\\\/#website\"},\"primaryImageOfPage\":{\"@id\":\"https:\\\/\\\/www.holzblaeser.com\\\/berlin\\\/blockfloete-aktion\\\/#primaryimage\"},\"image\":{\"@id\":\"https:\\\/\\\/www.holzblaeser.com\\\/berlin\\\/blockfloete-aktion\\\/#primaryimage\"},\"thumbnailUrl\":\"https:\\\/\\\/www.holzblaeser.com\\\/berlin\\\/wp-content\\\/uploads\\\/2025\\\/09\\\/blockfloete-fp.png\",\"datePublished\":\"2025-09-15T13:55:23+00:00\",\"dateModified\":\"2025-11-07T14:55:30+00:00\",\"description\":\"Blockfl\u00f6te Aktion bei Die Holzbl\u00e4ser in Berlin\",\"breadcrumb\":{\"@id\":\"https:\\\/\\\/www.holzblaeser.com\\\/berlin\\\/blockfloete-aktion\\\/#breadcrumb\"},\"inLanguage\":\"de\",\"potentialAction\":[{\"@type\":\"ReadAction\",\"target\":[\"https:\\\/\\\/www.holzblaeser.com\\\/berlin\\\/blockfloete-aktion\\\/\"]}]},{\"@type\":\"ImageObject\",\"inLanguage\":\"de\",\"@id\":\"https:\\\/\\\/www.holzblaeser.com\\\/berlin\\\/blockfloete-aktion\\\/#primaryimage\",\"url\":\"https:\\\/\\\/www.holzblaeser.com\\\/berlin\\\/wp-content\\\/uploads\\\/2025\\\/09\\\/blockfloete-fp.png\",\"contentUrl\":\"https:\\\/\\\/www.holzblaeser.com\\\/berlin\\\/wp-content\\\/uploads\\\/2025\\\/09\\\/blockfloete-fp.png\",\"width\":1024,\"height\":1024,\"caption\":\"Blockfl\u00f6te Aktion bei Die Holzbl\u00e4ser in Berlin\"},{\"@type\":\"BreadcrumbList\",\"@id\":\"https:\\\/\\\/www.holzblaeser.com\\\/berlin\\\/blockfloete-aktion\\\/#breadcrumb\",\"itemListElement\":[{\"@type\":\"ListItem\",\"position\":1,\"name\":\"Startseite\",\"item\":\"https:\\\/\\\/www.holzblaeser.com\\\/berlin\\\/\"},{\"@type\":\"ListItem\",\"position\":2,\"name\":\"Blockfl\u00f6ten-Aktion\"}]},{\"@type\":\"WebSite\",\"@id\":\"https:\\\/\\\/www.holzblaeser.com\\\/berlin\\\/#website\",\"url\":\"https:\\\/\\\/www.holzblaeser.com\\\/berlin\\\/\",\"name\":\"Die Holzbl\u00e4ser in Berlin\",\"description\":\"Am Prager Platz\",\"publisher\":{\"@id\":\"https:\\\/\\\/www.holzblaeser.com\\\/berlin\\\/#organization\"},\"potentialAction\":[{\"@type\":\"SearchAction\",\"target\":{\"@type\":\"EntryPoint\",\"urlTemplate\":\"https:\\\/\\\/www.holzblaeser.com\\\/berlin\\\/?s={search_term_string}\"},\"query-input\":{\"@type\":\"PropertyValueSpecification\",\"valueRequired\":true,\"valueName\":\"search_term_string\"}}],\"inLanguage\":\"de\"},{\"@type\":\"Organization\",\"@id\":\"https:\\\/\\\/www.holzblaeser.com\\\/berlin\\\/#organization\",\"name\":\"Die Holzbl\u00e4ser in Berlin\",\"url\":\"https:\\\/\\\/www.holzblaeser.com\\\/berlin\\\/\",\"logo\":{\"@type\":\"ImageObject\",\"inLanguage\":\"de\",\"@id\":\"https:\\\/\\\/www.holzblaeser.com\\\/berlin\\\/#\\\/schema\\\/logo\\\/image\\\/\",\"url\":\"https:\\\/\\\/www.holzblaeser.com\\\/berlin\\\/wp-content\\\/uploads\\\/2024\\\/12\\\/favicon-1.png\",\"contentUrl\":\"https:\\\/\\\/www.holzblaeser.com\\\/berlin\\\/wp-content\\\/uploads\\\/2024\\\/12\\\/favicon-1.png\",\"width\":190,\"height\":191,\"caption\":\"Die Holzbl\u00e4ser in Berlin\"},\"image\":{\"@id\":\"https:\\\/\\\/www.holzblaeser.com\\\/berlin\\\/#\\\/schema\\\/logo\\\/image\\\/\"},\"sameAs\":[\"https:\\\/\\\/www.facebook.com\\\/p\\\/Die-Holzblser-Berlin-100057653342052\\\/\",\"https:\\\/\\\/www.instagram.com\\\/die_holzblaeser\\\/\"]}]}<\/script>\n<!-- \/ Yoast SEO plugin. -->","yoast_head_json":{"title":"Blockfl\u00f6ten-Aktion - Die Holzbl\u00e4ser in Berlin","description":"Blockfl\u00f6te Aktion bei Die Holzbl\u00e4ser in Berlin","robots":{"index":"index","follow":"follow","max-snippet":"max-snippet:-1","max-image-preview":"max-image-preview:large","max-video-preview":"max-video-preview:-1"},"canonical":"https:\/\/www.holzblaeser.com\/berlin\/blockfloete-aktion\/","og_locale":"de_DE","og_type":"article","og_title":"Blockfl\u00f6ten-Aktion - Die Holzbl\u00e4ser in Berlin","og_description":"Blockfl\u00f6te Aktion bei Die Holzbl\u00e4ser in Berlin","og_url":"https:\/\/www.holzblaeser.com\/berlin\/blockfloete-aktion\/","og_site_name":"Die Holzbl\u00e4ser in Berlin","article_publisher":"https:\/\/www.facebook.com\/p\/Die-Holzblser-Berlin-100057653342052\/","article_modified_time":"2025-11-07T14:55:30+00:00","og_image":[{"width":1024,"height":1024,"url":"https:\/\/www.holzblaeser.com\/berlin\/wp-content\/uploads\/2025\/09\/blockfloete-fp.png","type":"image\/png"}],"twitter_card":"summary_large_image","twitter_misc":{"Gesch\u00e4tzte Lesezeit":"1\u00a0Minute"},"schema":{"@context":"https:\/\/schema.org","@graph":[{"@type":"WebPage","@id":"https:\/\/www.holzblaeser.com\/berlin\/blockfloete-aktion\/","url":"https:\/\/www.holzblaeser.com\/berlin\/blockfloete-aktion\/","name":"Blockfl\u00f6ten-Aktion - Die Holzbl\u00e4ser in Berlin","isPartOf":{"@id":"https:\/\/www.holzblaeser.com\/berlin\/#website"},"primaryImageOfPage":{"@id":"https:\/\/www.holzblaeser.com\/berlin\/blockfloete-aktion\/#primaryimage"},"image":{"@id":"https:\/\/www.holzblaeser.com\/berlin\/blockfloete-aktion\/#primaryimage"},"thumbnailUrl":"https:\/\/www.holzblaeser.com\/berlin\/wp-content\/uploads\/2025\/09\/blockfloete-fp.png","datePublished":"2025-09-15T13:55:23+00:00","dateModified":"2025-11-07T14:55:30+00:00","description":"Blockfl\u00f6te Aktion bei Die Holzbl\u00e4ser in Berlin","breadcrumb":{"@id":"https:\/\/www.holzblaeser.com\/berlin\/blockfloete-aktion\/#breadcrumb"},"inLanguage":"de","potentialAction":[{"@type":"ReadAction","target":["https:\/\/www.holzblaeser.com\/berlin\/blockfloete-aktion\/"]}]},{"@type":"ImageObject","inLanguage":"de","@id":"https:\/\/www.holzblaeser.com\/berlin\/blockfloete-aktion\/#primaryimage","url":"https:\/\/www.holzblaeser.com\/berlin\/wp-content\/uploads\/2025\/09\/blockfloete-fp.png","contentUrl":"https:\/\/www.holzblaeser.com\/berlin\/wp-content\/uploads\/2025\/09\/blockfloete-fp.png","width":1024,"height":1024,"caption":"Blockfl\u00f6te Aktion bei Die Holzbl\u00e4ser in Berlin"},{"@type":"BreadcrumbList","@id":"https:\/\/www.holzblaeser.com\/berlin\/blockfloete-aktion\/#breadcrumb","itemListElement":[{"@type":"ListItem","position":1,"name":"Startseite","item":"https:\/\/www.holzblaeser.com\/berlin\/"},{"@type":"ListItem","position":2,"name":"Blockfl\u00f6ten-Aktion"}]},{"@type":"WebSite","@id":"https:\/\/www.holzblaeser.com\/berlin\/#website","url":"https:\/\/www.holzblaeser.com\/berlin\/","name":"Die Holzbl\u00e4ser in Berlin","description":"Am Prager Platz","publisher":{"@id":"https:\/\/www.holzblaeser.com\/berlin\/#organization"},"potentialAction":[{"@type":"SearchAction","target":{"@type":"EntryPoint","urlTemplate":"https:\/\/www.holzblaeser.com\/berlin\/?s={search_term_string}"},"query-input":{"@type":"PropertyValueSpecification","valueRequired":true,"valueName":"search_term_string"}}],"inLanguage":"de"},{"@type":"Organization","@id":"https:\/\/www.holzblaeser.com\/berlin\/#organization","name":"Die Holzbl\u00e4ser in Berlin","url":"https:\/\/www.holzblaeser.com\/berlin\/","logo":{"@type":"ImageObject","inLanguage":"de","@id":"https:\/\/www.holzblaeser.com\/berlin\/#\/schema\/logo\/image\/","url":"https:\/\/www.holzblaeser.com\/berlin\/wp-content\/uploads\/2024\/12\/favicon-1.png","contentUrl":"https:\/\/www.holzblaeser.com\/berlin\/wp-content\/uploads\/2024\/12\/favicon-1.png","width":190,"height":191,"caption":"Die Holzbl\u00e4ser in Berlin"},"image":{"@id":"https:\/\/www.holzblaeser.com\/berlin\/#\/schema\/logo\/image\/"},"sameAs":["https:\/\/www.facebook.com\/p\/Die-Holzblser-Berlin-100057653342052\/","https:\/\/www.instagram.com\/die_holzblaeser\/"]}]}},"_links":{"self":[{"href":"https:\/\/www.holzblaeser.com\/berlin\/wp-json\/wp\/v2\/pages\/4250","targetHints":{"allow":["GET"]}}],"collection":[{"href":"https:\/\/www.holzblaeser.com\/berlin\/wp-json\/wp\/v2\/pages"}],"about":[{"href":"https:\/\/www.holzblaeser.com\/berlin\/wp-json\/wp\/v2\/types\/page"}],"author":[{"embeddable":true,"href":"https:\/\/www.holzblaeser.com\/berlin\/wp-json\/wp\/v2\/users\/1"}],"replies":[{"embeddable":true,"href":"https:\/\/www.holzblaeser.com\/berlin\/wp-json\/wp\/v2\/comments?post=4250"}],"version-history":[{"count":22,"href":"https:\/\/www.holzblaeser.com\/berlin\/wp-json\/wp\/v2\/pages\/4250\/revisions"}],"predecessor-version":[{"id":5028,"href":"https:\/\/www.holzblaeser.com\/berlin\/wp-json\/wp\/v2\/pages\/4250\/revisions\/5028"}],"wp:featuredmedia":[{"embeddable":true,"href":"https:\/\/www.holzblaeser.com\/berlin\/wp-json\/wp\/v2\/media\/4254"}],"wp:attachment":[{"href":"https:\/\/www.holzblaeser.com\/berlin\/wp-json\/wp\/v2\/media?parent=4250"}],"curies":[{"name":"wp","href":"https:\/\/api.w.org\/{rel}","templated":true}]}}